igit of w?
1
Suppose 4*c - 1 = -25. Let q be 4/c*3 - -4. Suppose -3*s = s - 3*r - 36, 5*r = -q*s + 44. What is the units digit of s?
2
Let c(r) be the second derivative of -r**5/20 - 5*r**4/12 - r**3 - 5*r**2/2 - r. Let i be c(-4). Suppose 12 = -i*j + 5*j. What is the units digit of j?
6
Let l(v) = v**2 + 5*v - 6. Let w be l(-6). Let g = 0 + w. Suppose g = -4*u - r, -2*u = -2*r - 2*r - 18. What is the units digit of u?
1
Let p be 42/(-5) + 2/5. Let k = p - -13. Let m = k - 1. What is the units digit of m?
4
Let c be 1*117/(2 + -5). Let f = 66 + c. What is the tens digit of f?
2
Let p be (-3)/(-6)*(-8)/(-2). What is the units digit of 13/(p + -1) - 1?
2
Suppose 2*w + 20 = -3*w, -2*i + 5*w = -26. Suppose -4*q - i*u + 57 = 0, 0*u + 5 = -5*u. What is the tens digit of q?
1
Suppose 0 = -2*g + 9 - 1. Suppose -4*t - g*p + 20 = p, 5 = t + 3*p. What is the units digit of t?
5
Suppose q - 3*q = -360. Suppose 4*i - q = -i. What is the units digit of i?
6
Let q(x) = -2*x**2 - 31*x - 11. What is the units digit of q(-15)?
4
Let g(x) = 2*x - 11. What is the tens digit of g(12)?
1
Let l(i) = -i**3 + 8*i**2 - 6*i - 8. Let m be l(6). Suppose 0 = -w - 10 + m. What is the tens digit of w?
1
Let a = 13 + -4. Let f be 6/(a/12*-2). What is the units digit of ((-4)/(-6))/(f/(-42))?
7
Let k be (3 - 0 - 2)*2. Suppose -5*c + f = -78, k*c - 26 = -0*f + 3*f. What is the units digit of c?
6
Suppose -31 = -4*d + 13. Suppose 4*v - 5*w - 32 = 0, -v - 2*w = -4*w - d. What is the units digit of v?
3
Suppose -70 = -6*s + s. What is the tens digit of s?
1
Suppose w + 28 = -w. Let t be (-3)/(-6)*0 - w. Suppose -35 = -4*a + 4*o + 5, -3*a - o = -t. What is the units digit of a?
6
What is the units digit of 128/6*(-9)/(-6)?
2
Suppose 68 = 5*n - o - 192, 285 = 5*n + 4*o. What is the units digit of n?
3
Let s(r) = -2*r - 12. What is the units digit of s(-11)?
0
Let g(c) = 9*c**2 + 1. Let x(h) = -h**3 + 6*h**2 - h + 1. Let v be x(6). Let r be 1/(3 + 3 + v). What is the units digit of g(r)?
0
Suppose 11 = 2*c - 3*c. Let q = c - -39. Suppose 3*l - q = l. What is the units digit of l?
4
Let f be (-2)/1*(0 - 2). Suppose -3*z + 5*u = z, -f*z - 3*u + 32 = 0. What is the units digit of z?
5
What is the units digit of (20/(-5) - 0) + 51?
7
Let v = -4 - 2. Let j(q) = q**2 + 2*q - 9. What is the units digit of j(v)?
5
Suppose -6*j + 10 = -j, -132 = -5*s - j. What is the tens digit of s?
2
Let l be (-12)/(-4) + 4 + -3. Suppose 3*j - 98 + 17 = -l*n, 5*n = -3*j + 105. What is the tens digit of n?
2
What is the units digit of (8/6)/(6/99)?
2
Let t(c) = -4*c**3 + 2*c**2 - 2. Let m be t(2). Let f = -14 - m. What is the tens digit of f?
1
Let r be (-2)/(-5) + 96/10. What is the units digit of (96/(-30))/((-2)/r)?
6
Let a = -52 + 37. Let j = a + 22. What is the units digit of j?
7
Let w = 169 - 102. What is the tens digit of w?
6
Suppose -2*z = 5*i - 268, -2*z - 17 = -3*i - 253. Let h = -86 + z. What is the tens digit of h?
3
What is the tens digit of 3 - -1 - 25*-1?
2
Let c(x) = x + 5*x - 5*x - 3. Let t be c(7). Suppose -t = -d - 3*d. What is the units digit of d?
1
Let p(g) = 5*g. Let n(f) = 11*f. Let q(h) = 6*n(h) - 13*p(h). What is the units digit of q(9)?
9
What is the tens digit of (-107)/(-7) - 4/14?
1
Let z be (-13)/(-65) + 18/10. Suppose 98 = 5*h - 3*o, -o + 37 + 11 = z*h. What is the units digit of h?
2
Suppose -4*o + 96 = 5*a, 0 = 2*a - o + 1 - 29. What is the units digit of a?
6
Let w = -9 + 5. Let d(k) be the first derivative of -k**2/2 + k + 1. What is the units digit of d(w)?
5
Suppose 3*j - 32 = 124. What is the units digit of (-3)/(-2)*j/6?
3
Let j = 13 - 3. What is the units digit of j?
0
Suppose -4*k - 1 = -5*k. Suppose 2*x + 3*t - 2*t = 7, -k = -2*x + t. Suppose 1 = -l, -4*b - x*l - 3*l + 23 = 0. What is the units digit of b?
7
Let y = 17 - 12. Suppose y*o - 56 = 3*j, 2*j + 2*o = 7*j + 87. Let q = -10 - j. What is the units digit of q?
7
Suppose -6*x = -231 - 39. What is the units digit of x?
5
Let h = -29 - -15. Let r(i) = 55*i + 2. Let u be r(-2). What is the units digit of (-4)/(-14) + u/h?
8
Let x = 4 - 4. Suppose x = 4*r - 4. What is the units digit of r?
1
Let o(s) = -s**3 - 12*s**2 - 28*s + 5. What is the units digit of o(-10)?
5
Let f be 3 + 3 - (1 + 1). Suppose -3*g = 4*t, -3*t + 4*g - 13 = -f*t. What is the units digit of 4/(t/1 - -4)?
4
Suppose 3*n = -j - n - 22, 35 = -5*j + 5*n. What is the tens digit of 260/25 - 6/j?
1
Suppose -6 - 2 = -2*k. Suppose 3*s + 127 = x + k*x, 0 = 4*x + 5*s - 109. What is the tens digit of x?
2
Let d be (-3 + (2 - -39))/2. Suppose d = 5*g - 6. What is the units digit of g?
5
Suppose 4*t = 3*b + 85, 2*b + 10 = t - b. What is the tens digit of t?
2
Let d be ((-1720)/(-28))/(1/7). Suppose -p = 4*p - d. Suppose -88 = -5*u - 3*n, 8*u + n = 3*u + p. What is the tens digit of u?
1
Let r = 739 - 394. What is the tens digit of r?
4
Suppose 0 = -0*y + y - 2. Suppose y*a = 3*a. What is the tens digit of -2 + 42/2 - a?
1
Suppose -c - 2*c = -39. Let h = c - 1. What is the tens digit of h?
1
Suppose -16 = 5*p - 11. What is the tens digit of (-12 - -7)/(p/5)?
2
Let o be 5*(-2 - 14/(-5)). What is the units digit of (-2)/4*(-88)/o?
1
Suppose -3*c = 2*n - 7*c - 424, 3*n - 5*c - 632 = 0. What is the units digit of n?
4
Let i = 12 - 8. Suppose 6*v - 4 = i*v + p, v - 2 = p. What is the tens digit of (-126)/(-12) - v/(-4)?
1
Let c(x) = x. Let z be c(1). Let u be 3 + (-3 + z)*-1. Suppose -3*w - u*m = -8 - 14, 4*m = -3*w + 20. What is the units digit of w?
4
Suppose -6 - 8 = -2*g. Suppose 3*x - 41 - g = 0. What is the units digit of x?
6
Suppose 0*n + 24 = 4*n. Let f(i) be the first derivative of -i**2/2 + 7*i - 3. What is the units digit of f(n)?
1
Let j(z) = z**2 + z. Suppose 0*l + 1 = -5*a + 3*l, 9 = -3*l. What is the units digit of j(a)?
2
Suppose n - 1 = -0*n - 4*m, 3*n - 2*m - 3 = 0. Let h(k) = -k + 7*k - 4 - 3*k + 3. What is the units digit of h(n)?
2
Let l be 440/33*(-12)/10. Let z = -4 - l. What is the units digit of z?
2
Let x be 1/(-3) - (-69)/(-9). Suppose 0 = -4*i + l + 70, -3*i - 4*l + 43 = -0*l. Let w = i + x. What is the units digit of w?
9
Let n(o) = -7*o - 3. Suppose 3*u + 6 + 0 = 0. What is the tens digit of n(u)?
1
Suppose -34 = -2*c + 4. What is the units digit of c?
9
Let f = -10 + 11. Let s be (f + 4)/(3 - 2). Suppose 15 = 3*d + x, 0*d = d - s*x - 21. What is the units digit of d?
6
Let p = -15 + 9. Let s = 16 + p. What is the units digit of s?
0
Let s = -16 + 24. Suppose s = -0*f + 2*f. Suppose 2*r - 3*c = 1, 6 = r - c + f. What is the units digit of r?
5
What is the units digit of (2/(-14) - 3063/21)/(-1)?
6
Let m = 358 - 155. What is the tens digit of m?
0
Let j(p) = 4*p - 5. What is the tens digit of j(4)?
1
Let h be (-1)/(1/(-10)*-2). Let m be 5/((-25)/2)*h. Suppose -5*q - 34 = -2*c, -3*c = m*c + 4*q - 52. What is the units digit of c?
2
Suppose -3*n = -8*n + 95. What is the units digit of n?
9
What is the units digit of ((-10)/40)/((-1)/316)?
9
Let p = -168 + 248. What is the tens digit of p?
8
Suppose -2*i = 4*u - 88, 3*i = 2*i - 3*u + 48. What is the units digit of i?
6
Let r(v) = 5*v - 17. What is the units digit of r(7)?
8
Let r(k) = k**2 - 6*k + 7. Let g be r(5). Let x = g + -2. What is the units digit of -1*(2 - x)*-2?
4
Let h be ((-1)/(-1))/((-5)/(-10)). What is the units digit of h/9 + (-80)/(-45)?
2
Let j(z) = z + 10. Let p be j(-9). Suppose -3*w = -p - 53. What is the units digit of w?
8
Let b = -5 + 10. Suppose 4*p - p - 21 = -2*c, 0 = -2*p + b*c + 14. Let z = p - -10. What is the tens digit of z?
1
Let g be 1/(-5) - 29/5. Let o = 9 + g. Suppose 3*y - 5*n - 50 = 0, -o*n + 0 = y + 2. What is the tens digit of y?
1
Suppose -2*j - 7 = -5*z - 4, -3*j + 5*z = -3. Let q be 1/(3*1/j). Suppose -q*u + 3 + 5 = 0. What is the units digit of u?
4
What is the tens digit of ((-71)/4)/((-11)/44)?
7
Let y(x) = -x**3 - 7*x**2 + x + 10. Let q be y(-7). What is the units digit of (22/8)/(q/12)?
1
Let a be (-8)/44 + (-128)/22. Let q = 10 + a. What is the units digit of q?
4
Suppose -5*h + 10 = -0. Suppose 0 = f - 3*v + 4, 3 + 24 = h*f + v. What is the units digit of f?
1
Let n(w) be the third derivative of -w**6/120 - w**5/60 + w**4/24 - 2*w**2. Let g be n(0). Suppose -3 = -3*q - g*q. What is the units digit of q?
1
Let o = -2 + 5. Suppose 2*t